{"version":"1.0","provider_name":"DYNSEO - Aplicaci\u00f3n educativa y juegos de memoria","provider_url":"https:\/\/www.dynseo.com\/es\/","title":"Impacto del c\u00e1ncer de pulm\u00f3n en las funciones cognitivas y estrategias de rehabilitaci\u00f3n - DYNSEO - Aplicaci\u00f3n educativa y juegos de memoria","type":"rich","width":600,"height":338,"html":"<blockquote class=\"wp-embedded-content\" data-secret=\"3T93OepUhu\"><a href=\"https:\/\/www.dynseo.com\/es\/impacto-cancer-pulmon-funciones-cognitivas-estrategias-rehab\/\">Impacto del c\u00e1ncer de pulm\u00f3n en las funciones cognitivas y estrategias de rehabilitaci\u00f3n<\/a><\/blockquote><iframe sandbox=\"allow-scripts\" security=\"restricted\" src=\"https:\/\/www.dynseo.com\/es\/impacto-cancer-pulmon-funciones-cognitivas-estrategias-rehab\/embed\/#?secret=3T93OepUhu\" width=\"600\" height=\"338\" title=\"\u00abImpacto del c\u00e1ncer de pulm\u00f3n en las funciones cognitivas y estrategias de rehabilitaci\u00f3n\u00bb \u2014 DYNSEO - Aplicaci\u00f3n educativa y juegos de memoria\" data-secret=\"3T93OepUhu\" frameborder=\"0\" marginwidth=\"0\" marginheight=\"0\" scrolling=\"no\" class=\"wp-embedded-content\"><\/iframe><script type=\"text\/javascript\">\n\/* <![CDATA[ *\/\n\/*! This file is auto-generated *\/\n!function(d,l){\"use strict\";l.querySelector&&d.addEventListener&&\"undefined\"!=typeof URL&&(d.wp=d.wp||{},d.wp.receiveEmbedMessage||(d.wp.receiveEmbedMessage=function(e){var t=e.data;if((t||t.secret||t.message||t.value)&&!\/[^a-zA-Z0-9]\/.test(t.secret)){for(var s,r,n,a=l.querySelectorAll('iframe[data-secret=\"'+t.secret+'\"]'),o=l.querySelectorAll('blockquote[data-secret=\"'+t.secret+'\"]'),c=new RegExp(\"^https?:$\",\"i\"),i=0;i<o.length;i++)o[i].style.display=\"none\";for(i=0;i<a.length;i++)s=a[i],e.source===s.contentWindow&&(s.removeAttribute(\"style\"),\"height\"===t.message?(1e3<(r=parseInt(t.value,10))?r=1e3:~~r<200&&(r=200),s.height=r):\"link\"===t.message&&(r=new URL(s.getAttribute(\"src\")),n=new URL(t.value),c.test(n.protocol))&&n.host===r.host&&l.activeElement===s&&(d.top.location.href=t.value))}},d.addEventListener(\"message\",d.wp.receiveEmbedMessage,!1),l.addEventListener(\"DOMContentLoaded\",function(){for(var e,t,s=l.querySelectorAll(\"iframe.wp-embedded-content\"),r=0;r<s.length;r++)(t=(e=s[r]).getAttribute(\"data-secret\"))||(t=Math.random().toString(36).substring(2,12),e.src+=\"#?secret=\"+t,e.setAttribute(\"data-secret\",t)),e.contentWindow.postMessage({message:\"ready\",secret:t},\"*\")},!1)))}(window,document);\n\/\/# sourceURL=https:\/\/www.dynseo.com\/wp-includes\/js\/wp-embed.min.js\n\/* ]]> *\/\n<\/script>\n","thumbnail_url":"https:\/\/www.dynseo.com\/wp-content\/uploads\/2025\/04\/DYNSEO-demande-de-PCH-avec-nos-programme-de-jeux-de-memoire4.png","thumbnail_width":1080,"thumbnail_height":540,"description":"[et_pb_section fb_built=\u00bb1&#8243; admin_label=\u00bbArticle HTML v8.5&#8243; _builder_version=\u00bb4.16&#8243;][et_pb_row][et_pb_column type=\u00bb4_4&#8243; _builder_version=\u00bb4.16&#8243;][et_pb_code admin_label=\u00bbHTML stylis\u00e9\u00bb] El c\u00e1ncer de pulm\u00f3n es una enfermedad que se caracteriza por el crecimiento anormal de c\u00e9lulas en los tejidos pulmonares. Es una de las formas m\u00e1s comunes de c\u00e1ncer en el mundo, con una prevalencia e incidencia en constante aumento. El c\u00e1ncer de pulm\u00f3n puede [&hellip;]"}

DYNSEO - Aplicación educativa y juegos de memoria

Impacto del cáncer de pulmón en las funciones cognitivas y estrategias de rehabilitación - DYNSEO - Aplicación educativa y juegos de memoria

<blockquote class="wp-embedded-content" data-secret="3T93OepUhu"><a href="https://www.dynseo.com/es/impacto-cancer-pulmon-funciones-cognitivas-estrategias-rehab/">Impacto del cáncer de pulmón en las funciones cognitivas y estrategias de rehabilitación</a></blockquote><iframe sandbox="allow-scripts" security="restricted" src="https://www.dynseo.com/es/impacto-cancer-pulmon-funciones-cognitivas-estrategias-rehab/embed/#?secret=3T93OepUhu" width="600" height="338" title="«Impacto del cáncer de pulmón en las funciones cognitivas y estrategias de rehabilitación» — DYNSEO - Aplicación educativa y juegos de memoria" data-secret="3T93OepUhu" frameborder="0" marginwidth="0" marginheight="0" scrolling="no" class="wp-embedded-content"></iframe><script type="text/javascript">
/* <![CDATA[ */
/*! This file is auto-generated */
!function(d,l){"use strict";l.querySelector&&d.addEventListener&&"undefined"!=typeof URL&&(d.wp=d.wp||{},d.wp.receiveEmbedMessage||(d.wp.receiveEmbedMessage=function(e){var t=e.data;if((t||t.secret||t.message||t.value)&&!/[^a-zA-Z0-9]/.test(t.secret)){for(var s,r,n,a=l.querySelectorAll('iframe[data-secret="'+t.secret+'"]'),o=l.querySelectorAll('blockquote[data-secret="'+t.secret+'"]'),c=new RegExp("^https?:$","i"),i=0;i<o.length;i++)o[i].style.display="none";for(i=0;i<a.length;i++)s=a[i],e.source===s.contentWindow&&(s.removeAttribute("style"),"height"===t.message?(1e3<(r=parseInt(t.value,10))?r=1e3:~~r<200&&(r=200),s.height=r):"link"===t.message&&(r=new URL(s.getAttribute("src")),n=new URL(t.value),c.test(n.protocol))&&n.host===r.host&&l.activeElement===s&&(d.top.location.href=t.value))}},d.addEventListener("message",d.wp.receiveEmbedMessage,!1),l.addEventListener("DOMContentLoaded",function(){for(var e,t,s=l.querySelectorAll("iframe.wp-embedded-content"),r=0;r<s.length;r++)(t=(e=s[r]).getAttribute("data-secret"))||(t=Math.random().toString(36).substring(2,12),e.src+="#?secret="+t,e.setAttribute("data-secret",t)),e.contentWindow.postMessage({message:"ready",secret:t},"*")},!1)))}(window,document);
//# sourceURL=https://www.dynseo.com/wp-includes/js/wp-embed.min.js
/* ]]> */
</script>

[et_pb_section fb_built=»1&#8243; admin_label=»Article HTML v8.5&#8243; _builder_version=»4.16&#8243;][et_pb_row][et_pb_column type=»4_4&#8243; _builder_version=»4.16&#8243;][et_pb_code admin_label=»HTML stylisé»] El cáncer de pulmón es una enfermedad que se caracteriza por el crecimiento anormal de células en los tejidos pulmonares. Es una de las formas más comunes de cáncer en el mundo, con una prevalencia e incidencia en constante aumento. El cáncer de pulmón puede [&hellip;]
