{"version":"1.0","provider_name":"DYNSEO - Aplicaci\u00f3n educativa y juegos de memoria","provider_url":"https:\/\/www.dynseo.com\/es\/","title":"\u00bfQu\u00e9 es la afasia despu\u00e9s del ACV? - DYNSEO - Aplicaci\u00f3n educativa y juegos de memoria","type":"rich","width":600,"height":338,"html":"<blockquote class=\"wp-embedded-content\" data-secret=\"1c6LFLdZOV\"><a href=\"https:\/\/www.dynseo.com\/es\/que-es-la-afasia-despues-del-acv\/\">\u00bfQu\u00e9 es la afasia despu\u00e9s del ACV?<\/a><\/blockquote><iframe sandbox=\"allow-scripts\" security=\"restricted\" src=\"https:\/\/www.dynseo.com\/es\/que-es-la-afasia-despues-del-acv\/embed\/#?secret=1c6LFLdZOV\" width=\"600\" height=\"338\" title=\"\u00ab\u00bfQu\u00e9 es la afasia despu\u00e9s del ACV?\u00bb \u2014 DYNSEO - Aplicaci\u00f3n educativa y juegos de memoria\" data-secret=\"1c6LFLdZOV\" frameborder=\"0\" marginwidth=\"0\" marginheight=\"0\" scrolling=\"no\" class=\"wp-embedded-content\"><\/iframe><script type=\"text\/javascript\">\n\/* <![CDATA[ *\/\n\/*! This file is auto-generated *\/\n!function(d,l){\"use strict\";l.querySelector&&d.addEventListener&&\"undefined\"!=typeof URL&&(d.wp=d.wp||{},d.wp.receiveEmbedMessage||(d.wp.receiveEmbedMessage=function(e){var t=e.data;if((t||t.secret||t.message||t.value)&&!\/[^a-zA-Z0-9]\/.test(t.secret)){for(var s,r,n,a=l.querySelectorAll('iframe[data-secret=\"'+t.secret+'\"]'),o=l.querySelectorAll('blockquote[data-secret=\"'+t.secret+'\"]'),c=new RegExp(\"^https?:$\",\"i\"),i=0;i<o.length;i++)o[i].style.display=\"none\";for(i=0;i<a.length;i++)s=a[i],e.source===s.contentWindow&&(s.removeAttribute(\"style\"),\"height\"===t.message?(1e3<(r=parseInt(t.value,10))?r=1e3:~~r<200&&(r=200),s.height=r):\"link\"===t.message&&(r=new URL(s.getAttribute(\"src\")),n=new URL(t.value),c.test(n.protocol))&&n.host===r.host&&l.activeElement===s&&(d.top.location.href=t.value))}},d.addEventListener(\"message\",d.wp.receiveEmbedMessage,!1),l.addEventListener(\"DOMContentLoaded\",function(){for(var e,t,s=l.querySelectorAll(\"iframe.wp-embedded-content\"),r=0;r<s.length;r++)(t=(e=s[r]).getAttribute(\"data-secret\"))||(t=Math.random().toString(36).substring(2,12),e.src+=\"#?secret=\"+t,e.setAttribute(\"data-secret\",t)),e.contentWindow.postMessage({message:\"ready\",secret:t},\"*\")},!1)))}(window,document);\n\/\/# sourceURL=https:\/\/www.dynseo.com\/wp-includes\/js\/wp-embed.min.js\n\/* ]]> *\/\n<\/script>\n","thumbnail_url":"https:\/\/www.dynseo.com\/wp-content\/uploads\/2024\/03\/ictus-roberto-allenamento.webp","thumbnail_width":1000,"thumbnail_height":666,"description":"[et_pb_section fb_built=\u00bb1&#8243; _builder_version=\u00bb4.16&#8243; custom_padding=\u00bb0px|0px|0px|0px|false|false\u00bb margin_top=\u00bb0px\u00bb margin_bottom=\u00bb0px\u00bb global_colors_info=\u00bb{}\u00bb][et_pb_row _builder_version=\u00bb4.16&#8243; custom_padding=\u00bb0px|0px|0px|0px|false|false\u00bb margin_top=\u00bb0px\u00bb margin_bottom=\u00bb0px\u00bb column_structure=\u00bb4_4&#8243; global_colors_info=\u00bb{}\u00bb][et_pb_column type=\u00bb4_4&#8243; _builder_version=\u00bb4.16&#8243; custom_padding=\u00bb0px|0px|0px|0px|false|false\u00bb global_colors_info=\u00bb{}\u00bb][et_pb_code _builder_version=\u00bb4.16&#8243; custom_padding=\u00bb0px|0px|0px|0px|false|false\u00bb global_colors_info=\u00bb{}\u00bb] Inicio \u203a Blog \u203a Afasia despu\u00e9s de ACV Rehabilitaci\u00f3n cognitiva \u00bfQu\u00e9 es la afasia despu\u00e9s del ACV? Gu\u00eda completa de atenci\u00f3n \ud83d\udcc5 Abril 2026 \u23f1\ufe0f 15 min de lectura \ud83d\udc65 Pacientes, familias, cuidadores \u2b50\u2b50\u2b50\u2b50\u2b50 4.8\/5 [&hellip;]"}

DYNSEO - Aplicación educativa y juegos de memoria

¿Qué es la afasia después del ACV? - DYNSEO - Aplicación educativa y juegos de memoria

<blockquote class="wp-embedded-content" data-secret="1c6LFLdZOV"><a href="https://www.dynseo.com/es/que-es-la-afasia-despues-del-acv/">¿Qué es la afasia después del ACV?</a></blockquote><iframe sandbox="allow-scripts" security="restricted" src="https://www.dynseo.com/es/que-es-la-afasia-despues-del-acv/embed/#?secret=1c6LFLdZOV" width="600" height="338" title="«¿Qué es la afasia después del ACV?» — DYNSEO - Aplicación educativa y juegos de memoria" data-secret="1c6LFLdZOV" frameborder="0" marginwidth="0" marginheight="0" scrolling="no" class="wp-embedded-content"></iframe><script type="text/javascript">
/* <![CDATA[ */
/*! This file is auto-generated */
!function(d,l){"use strict";l.querySelector&&d.addEventListener&&"undefined"!=typeof URL&&(d.wp=d.wp||{},d.wp.receiveEmbedMessage||(d.wp.receiveEmbedMessage=function(e){var t=e.data;if((t||t.secret||t.message||t.value)&&!/[^a-zA-Z0-9]/.test(t.secret)){for(var s,r,n,a=l.querySelectorAll('iframe[data-secret="'+t.secret+'"]'),o=l.querySelectorAll('blockquote[data-secret="'+t.secret+'"]'),c=new RegExp("^https?:$","i"),i=0;i<o.length;i++)o[i].style.display="none";for(i=0;i<a.length;i++)s=a[i],e.source===s.contentWindow&&(s.removeAttribute("style"),"height"===t.message?(1e3<(r=parseInt(t.value,10))?r=1e3:~~r<200&&(r=200),s.height=r):"link"===t.message&&(r=new URL(s.getAttribute("src")),n=new URL(t.value),c.test(n.protocol))&&n.host===r.host&&l.activeElement===s&&(d.top.location.href=t.value))}},d.addEventListener("message",d.wp.receiveEmbedMessage,!1),l.addEventListener("DOMContentLoaded",function(){for(var e,t,s=l.querySelectorAll("iframe.wp-embedded-content"),r=0;r<s.length;r++)(t=(e=s[r]).getAttribute("data-secret"))||(t=Math.random().toString(36).substring(2,12),e.src+="#?secret="+t,e.setAttribute("data-secret",t)),e.contentWindow.postMessage({message:"ready",secret:t},"*")},!1)))}(window,document);
//# sourceURL=https://www.dynseo.com/wp-includes/js/wp-embed.min.js
/* ]]> */
</script>

[et_pb_section fb_built=»1&#8243; _builder_version=»4.16&#8243; custom_padding=»0px|0px|0px|0px|false|false» margin_top=»0px» margin_bottom=»0px» global_colors_info=»{}»][et_pb_row _builder_version=»4.16&#8243; custom_padding=»0px|0px|0px|0px|false|false» margin_top=»0px» margin_bottom=»0px» column_structure=»4_4&#8243; global_colors_info=»{}»][et_pb_column type=»4_4&#8243; _builder_version=»4.16&#8243; custom_padding=»0px|0px|0px|0px|false|false» global_colors_info=»{}»][et_pb_code _builder_version=»4.16&#8243; custom_padding=»0px|0px|0px|0px|false|false» global_colors_info=»{}»] Inicio › Blog › Afasia después de ACV Rehabilitación cognitiva ¿Qué es la afasia después del ACV? Guía completa de atención 📅 Abril 2026 ⏱️ 15 min de lectura 👥 Pacientes, familias, cuidadores ⭐⭐⭐⭐⭐ 4.8/5 [&hellip;]
